e i(-22).
-2
Let p(t) = -17*t**3 + 1766*t**2 + 208*t + 33. Determine p(104).
33
Let r(u) = u**2 + 5172*u + 2008816. Give r(-423).
-11
Let l(d) = 3*d**2 - 121*d + 242. Determine l(38).
-24
Let o(l) = -2*l**2 - 60*l - 232. Give o(-34).
-504
Let r(c) = -2*c**3 - 34*c**2 - 153*c - 10. What is r(-8)?
62
Let y(x) = -6*x**2 + 180*x - 1472. Calculate y(9).
-338
Let o(x) = 3*x**3 - 206*x**2 - 331*x + 3523. Determine o(70).
-47
Let l(c) = -9*c**2 - 7*c + 1103. Calculate l(12).
-277
Let k(w) = 120382*w - 240763. What is k(2)?
1
Let b(k) = k**3 + 138*k**2 + 340*k + 9256. Determine b(-136).
8
Let g(v) = -12*v**2 - 472*v - 3869. What is g(-29)?
-273
Let l(v) = -68*v - 13297. Give l(-195).
-37
Let w(n) = n**3 - 428*n**2 - 19234*n + 2349. What is w(469)?
4
Let g(z) = -27*z**3 + 2*z**2 + 131*z - 261. Give g(2).
-207
Let f(k) = -57741*k - 230929. Determine f(-4).
35
Let g(j) = -j**3 + 30*j**2 - 9086*j + 53668. Determine g(6).
16
Let i(a) = -20*a**3 - 19553*a**2 + 6857*a + 10777. Calculate i(-978).
19
Let v(x) = -12319*x - 12606. Calculate v(-1).
-287
Let z(o) = 8370*o - 66959. What is z(8)?
1
Let g(m) = m**2 + 210*m - 649967. Calculate g(708).
-23
Let b(y) = -25*y**2 - 269*y - 198. Calculate b(-14).
-1332
Let v(p) = 383742*p + 383739. What is v(-1)?
-3
Let v(m) = -821*m - 41862. What is v(-51)?
9
Let j(d) = 34526*d - 207248. Calculate j(6).
-92
Let i(a) = a**2 - 229*a + 12885. Calculate i(83).
767
Let z(p) = p**3 + 473*p**2 + 46032*p + 229. Give z(-137).
229
Let t(f) = -f**3 - 1049*f**2 + 17036*f - 7. Give t(16).
-71
Let r(i) = -6125651*i + 85759121. Determine r(14).
7
Let n(k) = 2*k**2 + 1229*k + 51394. Determine n(-569).
-385
Let y(g) = -3*g**2 - 532*g + 6535. What is y(-188)?
519
Let l(g) = -g**3 + 23*g**2 + 251*g - 917. What is l(3)?
16
Let p(a) = -260*a**2 + 16386*a - 385. Calculate p(63).
-7
Let z(q) = 2811*q - 135275. Calculate z(49).
2464
Let l(n) = -166*n + 24233. Determine l(147).
-169
Let i(d) = -8*d**3 - 28*d**2 + 140*d + 3. Give i(3).
-45
Let g(n) = 28289*n - 424608. Calculate g(15).
-273
Let l(k) = -2*k**3 + 450*k**2 - 9846*k - 30806. Calculate l(200).
-6
Let o(a) = 2*a**3 + 113*a**2 - 71*a - 698. Determine o(-57).
100
Let q(y) = -y**2 - 396*y - 21972. Calculate q(-330).
-192
Let j(m) = 905*m - 19397. Calculate j(22).
513
Let f(u) = 4648*u + 13903. Give f(-3).
-41
Let w(p) = -16891*p + 11316962. Determine w(670).
-8
Let w(z) = -2489*z - 12111. What is w(-5)?
334
Let o(j) = -7*j**3 + 55*j**2 + 1552*j + 1089. Give o(-11).
-11
Let a(i) = -i**3 + 64*i**2 - 758*i - 581. Give a(47).
1346
Let c(i) = -i**3 - 49*i**2 + 3072*i + 1345. What is c(-85)?
325
Let k(w) = 2*w**3 + 7*w**2 - 206*w + 700. Give k(4).
116
Let f(y) = y**3 - 18*y**2 + 647*y - 22239. Calculate f(26).
-9
Let d(n) = -8136*n + 398621. Calculate d(49).
-43
Let b(c) = -103*c**2 + 319*c + 15. Give b(5).
-965
Let q(r) = -1476*r - 14543. What is q(-10)?
217
Let k(l) = 54418*l + 489775. Determine k(-9).
13
Let x(q) = -3*q**3 - 53*q**2 - 114*q - 2466. Determine x(-18).
-90
Let v(o) = -o**2 + 244158*o + 1953344. What is v(-8)?
16
Let v(k) = -2*k**2 + 8060*k + 113111. What is v(-14)?
-121
Let v(g) = 2*g**3 - 162*g**2 + 195*g + 134. Calculate v(80).
2934
Let l(j) = -11*j**2 + 1039*j - 6059. What is l(88)?
189
Let w(i) = 80382*i - 402148. Calculate w(5).
-238
Let l(n) = -2*n**2 - 311*n + 34696. Give l(75).
121
Let h(b) = b**2 + 1264*b - 2535. Calculate h(2).
-3
Let y(c) = 9014*c + 8978. Calculate y(-1).
-36
Let k(p) = -p**3 + 21*p**2 + 1973*p + 100. Give k(-35).
-355
Let l(k) = -4751*k - 161992. Give l(-34).
-458
Let m(h) = -1979738*h - 7918950. Give m(-4).
2
Let t(q) = -q**3 - 7*q**2 + 316*q + 2382. Calculate t(-8).
-82
Let u(k) = -109767*k - 25465936. Determine u(-232).
8
Let l(q) = -40*q**2 + 532*q + 2655. What is l(-5)?
-1005
Let n(r) = 27479*r - 247312. Give n(9).
-1
Let o(k) = -5142*k - 694165. What is o(-135)?
5
Let g(q) = 248*q - 283. Determine g(1).
-35
Let v(w) = -23*w**2 - 186*w + 18. What is v(-8)?
34
Let p(y) = 16095*y - 369714. Calculate p(23).
471
Let h(c) = -6*c**2 - 31057*c - 217087. Give h(-7).
18
Let m(j) = 1688998*j + 9. Give m(0).
9
Let c(i) = -212374*i - 1274250. Give c(-6).
-6
Let b(u) = 1638*u**2 + 34398*u + 75. Give b(-21).
75
Let w(h) = -h**2 - 1132*h - 27781. Give w(-25).
-106
Let r(a) = 2*a**2 - 13699*a - 5. What is r(0)?
-5
Let y(d) = -d**3 - 218*d**2 + 4747*d - 3060. Calculate y(-238).
34
Let v(f) = f**3 + 21*f**2 - 9*f - 166. Calculate v(-8).
738
Let u(r) = 21*r + 1067. Calculate u(-112).
-1285
Let r(z) = 58*z**2 + 84*z - 395. Calculate r(7).
3035
Let x(q) = -q**3 - 37*q**2 - 58*q - 914. What is x(-35)?
-1334
Let g(i) = 9723*i + 19445. What is g(-2)?
-1
Let t(d) = -d**3 - 79*d**2 - 688*d - 14. Calculate t(-69).
-152
Let k(c) = -1218*c - 7298. Calculate k(-6).
10
Let v(r) = r**3 + 8*r**2 + 21*r + 132. Give v(-8).
-36
Let y(k) = 74*k**3 + 156*k**2 - 7*k - 1. Give y(-3).
-574
Let c(h) = -h**3 + 13*h**2 + 110*h - 843. What is c(17)?
-129
Let x(i) = i**2 - 240*i - 21759. Calculate x(-70).
-59
Let a(m) = -2*m**3 + 190*m**2 + 279*m - 8290. Determine a(96).
62
Let o(i) = 2*i**2 - 6891*i - 75982. What is o(-11)?
61
Let n(p) = -34492*p - 19177557. Calculate n(-556).
-5
Let k(f) = 6*f**3 - 6*f**2 - 132*f - 503. Calculate k(-5).
-743
Let q(l) = l**3 + 153*l**2 + 299*l - 543. Give q(-151).
-90
Let z(x) = 2542*x + 3490180. Calculate z(-1373).
14
Let n(l) = 416391*l - 832782. Calculate n(2).
0
Let x(g) = -6415*g + 38434. What is x(6)?
-56
Let a(m) = m**3 + 41*m**2 - 275*m - 101. Determine a(-47).
-430
Let p(k) = 2643*k + 127034. What is p(-48)?
170
Let l(v) = 2*v**3 - 476*v**2 + 3680*v + 4. Calculate l(8).
4
Let t(v) = v**3 - 49*v**2 - 3424*v - 624. Give t(88).
80
Let b(x) = -x**2 + 2868*x - 445969. Give b(165).
26
Let l(t) = t**3 + 50*t**2 + 173*t - 2329. Determine l(-45).
11
Let a(k) = -6*k**2 - 545*k - 859. Determine a(-89).
120
Let r(n) = -1136*n + 12066. Give r(11).
-430
Let j(f) = 24*f**2 + 1999*f - 60880. What is j(-107)?
3
Let o(s) = -s**2 + 2414*s + 158564. Determine o(-64).
-28
Let c(m) = -4396*m - 56949. Give c(-13).
199
Let u(w) = -w**2 - 372*w + 109845. What is u(194)?
41
Let c(m) = m**3 + 6*m**2 - 284*m - 337. Give c(-18).
887
Let t(d) = 3*d**2 + 691*d + 33660. Calculate t(-70).
-10
Let y(u) = 2*u**3 - 232*u**2 + 5*u - 596. Calculate y(116).
-16
Let x(t) = t**2 - 49*t - 196. Give x(-24).
1556
Let m(o) = o**3 + 89*o**2 + 1175*o + 94. Determine m(-16).
-18
Let f(y) = -y**2 - 270*y - 3834. What is f(-15)?
-9
Let r(i) = i**2 - 665*i - 149039. Give r(-177).
-5
Let d(o) = 3*o**3 + 4*o**2 + 52*o + 90. What is d(-2)?
-22
Let n(x) = x**3 - 3*x**2 - 163*x + 132. Calculate n(13).
-297
Let g(t) = 6973*t + 139466. Calculate g(-20).
6
Let g(q) = 21*q**3 - 24*q**2 + 20*q - 41. Calculate g(4).
999
Let m(i) = 1296584*i - 24635108. Determine m(19).
-12
Let h(p) = -5875*p + 193898. What is h(33)?
23
Let r(t) = -383*t + 20792. Determine r(55).
-273
Let q(z) = 7*z**2 + 723*z + 11184. Determine q(-16).
1408
Let u(o) = 19539*o - 3204401. Determine u(164).
-5
Let s(z) = z**3 + 63*z**2 - 364*z + 5. Determine s(7).
887
Let t(w) = -4*w**3 - 58*w**2 + 16300*w + 82. What is t(57)?
-32
Let o(l) = 2*l**2 - 17127*l + 171057. Give o(10).
-13
Let j(m) = -m**2 - 278*m + 27966. Give j(-356).
198
Let v(h) = h**3 + 136*h**2 - 5785*h - 847. Calculate v(-170).
3
Let a(k) = 67*k**2 - 6357*k - 736. What is a(95)?
24
Let u(n) = 5*n**2 + 760*n - 5943. Give u(8).
457
Let s(a) = -a**3 + 2*a**2 - 1058*a - 3215. Determine s(-3).
4
Let r(h) = 605*h - 3216. Calculate r(5).
-191
Let z(u) = 6*u**2 + 4934*u - 697655. Give z(123).
1
Let x(p) = -2*p**3 - 6*p**2 - 21*p - 87. Give x(-7).
452
Let g(u) = -37952*u + 834947. Determine g(22).
3
Let m(g) = 44630*g - 357068. Determine m(8).
-28
Let a(u) = 12*u**2 - 102*u - 458. Determine a(9).
-404
Let a(r) = r**2 + 3614*r + 18005. What is a(-5)?
-40
Let p(l) = 5*l**3 + 177*l**2 + 1306*l + 10. Determine p(-25).
-140
Let m(v) = 57*v**2 + 108*v + 21. Give m(-2).
33
Let b(a) = a**3 - 330*a**2 - 6596*a - 12245. Determine b(349).
-30
Let j(k) = -4*k**3 + 106*k**2 - 15*k - 943. Determine j(26).
19
Let c(d) = -548*d - 24546. Determine c(-45).
114
Let b(h) = h**3 - 7*h**2 - 49*h + 197. What is b(10)?
7
Let a(g) = -g**3 - 285*g**2 - 15475*g - 22. Calculate a(-73).
-95
Let i(v) = -432*v + 4